 of n(3)?
2, 3, 37
Suppose -x - 480 = -13*x. Let z be ((-210)/x)/((-1)/(-4)). Let h = z + 60. List the prime factors of h.
3, 13
Let c = -1332 - -14236. What are the prime factors of c?
2, 1613
Let x(u) = -1298*u + 1960. List the prime factors of x(-5).
2, 5, 13
Let h = -378 + 1556. What are the prime factors of (-7*4/(-14))/(4/h)?
19, 31
Suppose -2*w - 6 = 0, 3*w + 7884 + 4532 = m. List the prime factors of m.
19, 653
Suppose -26*j + 400 = -6*j. What are the prime factors of (8173/(-55))/(76/j - 4)?
743
Suppose 0 = 5*z - 5 - 25. Suppose 4*c - 3*o - 10 = 0, 4*c - 20 = -5*o + z. Suppose 0 = -c*w - 102 + 438. What are the prime factors of w?
2, 3, 7
Suppose 0 = i - 0*k + 3*k - 26, -3*k + 6 = 0. Let y = i + -17. List the prime factors of y.
3
Let b(x) = 2*x**2 - 9*x + 9. Let h be b(5). Let i = h - 7. Suppose i*v = 4*v + 126. What are the prime factors of v?
2, 3, 7
Let w(i) = -i**3 - 6*i**2 + 12*i + 9. Suppose -188 = -5*s + 4*t, 0*s + 2*t = -2*s + 86. Suppose -5 = 5*a + s. List the prime factors of w(a).
2, 3
Suppose -2*w = -5*w + 1008. Suppose 3*d + d = -w. Let o = -54 - d. What are the prime factors of o?
2, 3, 5
Let o(w) = -2*w**3 + 16*w**2 + 2*w - 11. Let g be o(8). Let q be (-988)/6*(-8 + g). Suppose 13*u - 2340 = -q. What are the prime factors of u?
2, 71
Suppose -5*a - 114 = -14. Let n be (-144)/a*300/9. Suppose f = 3*f - n. What are the prime factors of f?
2, 3, 5
Let y(i) = -24*i - 528. Let c be y(-21). Let w(q) = 23*q + 3. Let x(g) = -6*g - 1. Let d(z) = 2*w(z) + 9*x(z). List the prime factors of d(c).
3, 7
Suppose 37*x = 40*x + 4836. Let y = -697 - x. List the prime factors of y.
3, 5, 61
Let p be 6/21 + 6*36/28. Suppose -9*o + 147 = -p*o - i, -149 = -o - i. List the prime factors of o.
2, 37
Suppose 8*b - 252170 = -2*b - 79770. List the prime factors of b.
2, 5, 431
Let o = 24 + -20. Suppose -o*m - 22 = -2*m. Let a(i) = -4*i - 22. What are the prime factors of a(m)?
2, 11
Suppose s + 5*a = 84773 - 32715, -2*a = s - 52064. List the prime factors of s.
2, 3, 4339
Suppose -t + 5 = 0, y + 20*t - 12413 = 21*t. List the prime factors of y.
2, 7, 887
Let a(o) = 64*o**2 - 35. Let k be a(-4). Suppose 16*h - 4403 - k = 0. List the prime factors of h.
337
Suppose -9*z + 16*z = -13*z + 105340. List the prime factors of z.
23, 229
Suppose -4*p - 5*j = -52858, 2*p - 6*j - 26438 = -4*j. What are the prime factors of p?
13217
Suppose 5*k + 5*n = -53185, -4*n - n + 10613 = -k. List the prime factors of (k/(-93))/(2/6).
7
Suppose 3*t = t, 5*t - 9 = -r. Suppose 242 = 51*s - 64. List the prime factors of (-2124)/r*(s/4 + -2).
2, 59
Let m(n) = n**2 + 2*n - 3. Let c be m(2). Suppose 7 = -11*f + 62. List the prime factors of 140/(-15)*c/(f/(-18)).
2, 3, 7
Suppose -94 = 5*w - 3*l, 2*w + 2*l + 40 = 4*l. Suppose 16 = 3*p - k - 3*k, -5*k = 2*p - 26. Let u = p - w. List the prime factors of u.
5
Let t(h) = -12 - 10 + 8 - 5*h. Suppose 4*s = 4*j - 28, 6*j + 64 = -4*s + j. List the prime factors of t(s).
41
Let g = 1111 + -693. Suppose -w + 2*j = -g, 4*w + 11*j - 1636 = 10*j. What are the prime factors of w?
2, 5, 41
Let y(u) = -2*u - 8. Let a be y(-8). Suppose -a*c = -11*c. What are the prime factors of 0 + -2 + 68 + c?
2, 3, 11
Let x be (28/(-12))/(-1)*(3 + 0). Let u = -5 + x. Suppose -b + 411 = u*b. What are the prime factors of b?
137
Let p = 67721 + -46262. List the prime factors of p.
3, 23, 311
What are the prime factors of (0 - -36)*(-659760)/(-1440)?
2, 3, 2749
Let v(j) = 5*j + 10. Let n be v(-3). Let i be ((-2)/4)/(-1 - n/6). Suppose -50 = i*w - 263. List the prime factors of w.
71
Let y = -7992 - -17545. What are the prime factors of y?
41, 233
Suppose -2*h + 20403 = -o, -2*o - 30608 = -62*h + 59*h. What are the prime factors of h?
2, 5099
Suppose 0 = 2*a + 4, 600 = -7*h + 9*h + 4*a. Let f = 367 - h. What are the prime factors of f?
3, 7
Suppose 5*a - 2366 = -4*p, a - 3*p = -2*a + 1425. Suppose 11*z - 2355 = -a. What are the prime factors of z?
3, 19
Let d(z) = -20*z + 88. Let s(q) = 60*q - 263. Let p(k) = 17*d(k) + 6*s(k). What are the prime factors of p(28)?
2, 239
Let y(a) = 21*a**3 + 529*a**2 + 44. What are the prime factors of y(-14)?
2, 3, 17, 113
Let h = 80414 + -45429. What are the prime factors of h?
5, 6997
Let i(u) = 5*u**2 - 4*u + 35. Let f be i(-7). Suppose 21*k - 6328 - f = 0. What are the prime factors of k?
2, 79
Suppose 0 = -d - 5*n + 951, 2*d - 4*n + 589 - 2505 = 0. Let c = d - 448. What are the prime factors of c?
2, 127
Let c(y) = -3*y - 6. Let x be c(-4). Let f(b) be the second derivative of b**4/6 - 2*b**3 + 21*b**2/2 + 2*b + 24. What are the prime factors of f(x)?
3, 7
Suppose v + 6 = -2*v, 5*q - 2729 = 2*v. What are the prime factors of q?
5, 109
Let x be -248 + 4 + -2 + -1. Let w be (-2)/((60/534)/5). Let z = w - x. List the prime factors of z.
2, 79
Let n = 4613 - 2695. Let c = 2992 - n. What are the prime factors of c?
2, 3, 179
Let t = -15 + 22. Let s(g) = -2*g**2 + 19*g - 7. List the prime factors of s(t).
2, 7
Suppose 0*o - 4*y = -4*o + 57032, 0 = 4*o - 3*y - 57026. List the prime factors of o.
2, 7, 509
Let z(m) = m**3 + 15*m**2 + 29*m + 16. Let u = -5 - 6. List the prime factors of z(u).
181
Suppose -44*h = -179*h + 1817460 - 472455. List the prime factors of h.
3, 41
Let d(o) = o**3 + 13*o**2 + 3*o - 5. Let a = -66 + 70. Let z be 10/a*(-1 + -1). What are the prime factors of d(z)?
2, 3, 5
Let h(q) = q - 1. Let d(b) = 17*b - 5. Let c(a) = -d(a) + 2*h(a). Let w be c(-7). Suppose 0 = -4*o + 196 + w. List the prime factors of o.
2, 19
Suppose 7*z + 44*z = 44*z + 126763. List the prime factors of z.
7, 13, 199
Let a be 4/(-42)*-3 + 374/14. Let q be 0/a - 4/(1/(-1)). Suppose 6*z + g = 4*z + 203, -2*z + 198 = -q*g. What are the prime factors of z?
101
Suppose 0 = -4*d + 38 + 1158. Let j = -130 + d. Let u = j + -100. What are the prime factors of u?
3, 23
Let l(n) = 4*n**2 + 18*n + 1. Let z be l(-8). Suppose -z*j + 112*j = -40. List the prime factors of j.
2, 5
List the prime factors of 543/(-362) + (-2)/(-5)*(-616295)/(-4).
2, 7, 31, 71
Let j(u) = 1645*u**3 + 2*u**2 + 32*u - 62. List the prime factors of j(2).
2, 3, 5, 439
Let y(q) = 8*q**3 - 4*q**2 + 20*q + 207. List the prime factors of y(18).
3, 7
Let b = 103 + -93. What are the prime factors of 557 + (-2)/(-5)*b?
3, 11, 17
Suppose -33*s + 19*s + 201324 + 337704 = 0. What are the prime factors of s?
2, 3, 23, 31
Let l(t) = -149*t + 1750. List the prime factors of l(-47).
8753
Let t(w) = 121*w + 15. Let p be t(-5). Let s = -245 - p. What are the prime factors of s?
3, 5, 23
Let m be 2/(-17) + (-1584)/(-748). Suppose w = 2*o + 149, 5*w = 3*o - m*o + 718. List the prime factors of w.
11, 13
Suppose -11*j - 4*r - 1308 = -7*j, 1631 = -5*j - r. What are the prime factors of -2*j/(-6)*(2 + -5)?
2, 163
Suppose -z + w + 425 = 0, 0 = -3*z - z - 3*w + 1735. List the prime factors of (z/(-8))/((-22)/88).
5, 43
Let k be 12/30 + 2*27/15. Suppose -k*n = -3*n - 4. What are the prime factors of n + -6*3/(-2)?
13
Let n = -139 + 96. Suppose 0*s + 4*s = y - 129, 669 = 5*y + 4*s. Let c = n + y. What are the prime factors of c?
2, 3, 5
Let v be (-120)/5*(-4)/6. Let d be (-4)/v - 132/(-16). Suppose 11*t - d*t - 159 = 0. What are the prime factors of t?
53
Suppose -448*k + 2120 = 5*h - 447*k, -4*h + 5*k + 1667 = 0. What are the prime factors of h?
3, 47
Let k = 181 + -129. Let b be 13/k - (-63)/4. Suppose b*l = 15*l + 116. What are the prime factors of l?
2, 29
Suppose -2*s - 814 = -3*a, 0 = 4*a + 3*s + 2*s - 1116. Suppose 0 = 5*q + 10, -i + 3*i + q = a. List the prime factors of i.
2, 3, 23
Let u = 313 - 314. List the prime factors of (-3 + u + 3)*-101.
101
Let a(k) = 4*k**2 - 12*k + 31. Let p be a(-13). Let i = -501 + p. List the prime factors of i.
2, 181
Suppose 559*t - 560*t + 3 = 0. Suppose -5*m + 3952 = 3*l, -5*m - t*l = l - 3956. List the prime factors of m.
2, 197
Suppose 28 = 2*x - 7*x - 2*y, 3*y = -2*x - 9. Let d(z) be the first derivative of -z**4/4 - z**3 + 3*z**2/2 - 13*z + 744. List the prime factors of d(x).
7, 11
Suppose -5*v + x - 26 = 0, -3*x + 14 - 20 = -v. What are the prime factors of (1 - 694)*v/9?
2, 3, 7, 11
Let g(b) = 22*b**2 - 118*b - 322. List the prime factors of g(-35).
2, 7, 13
Suppose -5*z + o + 177 = 0, 0 = 2*z - 3*z - 3*o + 45. Let i = z + -15. Suppose 202 = 3*